 is 74 + -7a54?
-7990
In base 3, what is -2011010 + 1110?
-2002200
In base 9, what is -3325651 + 1?
-3325650
In base 2, what is -10010100011000 - -11111?
-10010011111001
In base 5, what is 3042 - -22?
3114
In base 9, what is -37 - 715?
-753
In base 16, what is -43bef - 5?
-43bf4
In base 14, what is 828 - 7?
821
In base 12, what is -981 - -46?
-937
In base 16, what is 405f70 + -3?
405f6d
In base 12, what is 98 - -207?
2a3
In base 8, what is 552436 + 3?
552441
In base 8, what is -147 - 317?
-466
In base 8, what is 120150 + -61?
120067
In base 8, what is -3 - 61661?
-61664
In base 3, what is -20201 - 201101?
-222002
In base 4, what is -302 + -3032?
-10000
In base 4, what is 222 - -2020103?
2020331
In base 6, what is 10025324 - 2?
10025322
In base 7, what is -64420 - 4?
-64424
In base 6, what is -12111 - -4114?
-3553
In base 4, what is -330230 + 20?
-330210
In base 13, what is -1614 - 48?
-165c
In base 9, what is 50 + -12842?
-12782
In base 16, what is 4e + 2129?
2177
In base 16, what is -58a + ff?
-48b
In base 13, what is 211 + -36?
1a8
In base 15, what is -28a - 13?
-29d
In base 13, what is ac6b + 0?
ac6b
In base 16, what is 246f + -11?
245e
In base 12, what is 2 - 6355b?
-63559
In base 4, what is -101311 + 20301?
-21010
In base 11, what is -4 - 13585?
-13589
In base 10, what is 3 - 44603?
-44600
In base 7, what is 30203 + -22?
30151
In base 8, what is 101 + -3234?
-3133
In base 3, what is -202011 - 20020?
-222101
In base 15, what is 4cc8b + -3?
4cc88
In base 16, what is 120681 - -2?
120683
In base 5, what is -2331243 + 241?
-2331002
In base 10, what is 24212 + 17?
24229
In base 6, what is 2 + -52210525?
-52210523
In base 7, what is -25 + 11016?
10661
In base 10, what is -93 - 1300?
-1393
In base 16, what is 37 - 22dd?
-22a6
In base 15, what is -5a + ce?
74
In base 9, what is -186 + -7678?
-7875
In base 14, what is -2 - -119971?
11996d
In base 10, what is 195 + 2266?
2461
In base 14, what is -3 - 6cb3?
-6cb6
In base 3, what is -110 - -1201221220?
1201221110
In base 11, what is 78 + -38?
40
In base 12, what is 5 + -1932b2?
-1932a9
In base 15, what is 3a5 - 4ed?
-148
In base 6, what is -120550 + 113?
-120433
In base 5, what is -10002 + 4?
-4443
In base 12, what is 2 + -14a2?
-14a0
In base 5, what is -13003312 + -1?
-13003313
In base 5, what is 0 + -123234434?
-123234434
In base 9, what is 4 + -1544877?
-1544873
In base 11, what is 4 - 105875?
-105871
In base 8, what is -2 - 100165?
-100167
In base 8, what is 0 + -4324?
-4324
In base 12, what is -13 - 43115?
-43128
In base 15, what is 78 - -c?
85
In base 10, what is -13 - 40555?
-40568
In base 9, what is 14575 - 14?
14561
In base 13, what is -984 - 33?
-9b7
In base 12, what is 58564 - 3a?
58526
In base 15, what is -14ba05 + 4?
-14ba01
In base 3, what is -12211002100 + -120?
-12211002220
In base 9, what is -2 + 635510?
635507
In base 4, what is 103302200 - -120?
103302320
In base 14, what is -23 - -97d?
95a
In base 15, what is 17 + 1276c?
12784
In base 13, what is 606 + -144?
492
In base 3, what is -2 + -20002112?
-20002121
In base 11, what is 4672 - -5?
4677
In base 15, what is -438b + -b?
-4397
In base 16, what is 52c - -1b?
547
In base 5, what is -1010243 - -44?
-1010144
In base 14, what is -bc0 - 36c?
-114c
In base 2, what is -1000001000111 - 10001?
-1000001011000
In base 3, what is -11201 - 1010211?
-1022112
In base 10, what is 204 - -2058?
2262
In base 4, what is 122222 - 13?
122203
In base 9, what is -230 - 8?
-238
In base 2, what is 111010 + 10010110010001?
10010111001011
In base 4, what is 230003111 - 31?
230003020
In base 7, what is -416 + -313?
-1032
In base 13, what is 28 - 1623?
-15c8
In base 8, what is 27544610 - 2?
27544606
In base 11, what is 6408 - -5?
6412
In base 3, what is -12 + 22011120021?
22011120002
In base 8, what is -44636 + -5?
-44643
In base 14, what is 219d + -33?
216a
In base 5, what is 13001333 - -10?
13001343
In base 12, what is 31b1 - 32?
317b
In base 12, what is -7 - -3455?
344a
In base 8, what is 1134 - 125?
1007
In base 15, what is 1c6 + 211?
3d7
In base 2, what is -1100000 - 111?
-1100111
In base 3, what is -2000 - -10012011100?
10012002100
In base 8, what is 2 - -1535752?
1535754
In base 9, what is 5 + 427?
433
In base 7, what is -23 - -45510?
45454
In base 12, what is -1 - 53a?
-53b
In base 15, what is -1c + -1a57?
-1a74
In base 12, what is -14 + -1308?
-1320
In base 14, what is -3 + 5c47?
5c44
In base 16, what is -4 - -2848?
2844
In base 6, what is -233 + 134104?
133431
In base 12, what is -b6506 + -6?
-b6510
In base 4, what is -32 + -21022?
-21120
In base 13, what is -35a - 25?
-382
In base 6, what is 101320 + -10?
101310
In base 12, what is b + -1a517?
-1a508
In base 13, what is 192 + -15?
17a
In base 4, what is -2120000003 - 3?
-2120000012
In base 16, what is -b4 - -291?
1dd
In base 11, what is -17a17 - -14?
-17a03
In base 3, what is 202 + 2001012?
2001221
In base 15, what is 177e + -15c?
1622
In base 9, what is 5 + -138131?
-138125
In base 12, what is 847 + 76?
901
In base 13, what is -1568c - -3?
-15689
In base 12, what is -b41233 + 5?
-b4122a
In base 10, what is -4 + -113269?
-113273
In base 2, what is 1100000001001001 - 0?
1100000001001001
In base 16, what is -21 + b3?
92
In base 10, what is -27 - 581?
-608
In base 12, what is -71a9 - -2?
-71a7
In base 16, what is -46bef + -5?
-46bf4
In base 10, what is 52027 + 6?
52033
In base 5, what is -2110 - 20014?
-22124
In base 10, what is 2 + 228670?
228672
In base 5, what is 330334 + 2200?
333034
In base 8, what is -171724 + -4?
-171730
In base 11, what is -6466 - -56?
-6410
In base 5, what is 22212323 + 2?
22212330
In base 8, what is -17 - 56457?
-56476
In base 12, what is -178a52 + -10?
-178a62
In base 9, what is 16517 + 1?
16518
In base 15, what is 245c8 + d?
245d6
In base 16, what is 1 + 1708?
1709
In base 5, what is 1 + 100021220?
100021221
In base 12, what is -5 - -1617?
1612
In base 7, what is -5 + -32006?
-32014
In base 5, what is 1234 - 4?
1230
In base 6, what is 10 - -130335?
130345
In base 9, what is -781048 - -1?
-781047
In base 16, what is a12 - 38?
9da
In base 14, what is c1a + 34?
c50
In base 5, what is -22143 + 2?
-22141
In base 16, what is 261 - -245?
4a6
In base 14, what is -318 - 9d4?
-d0c
In base 14, what is 133c - 4?
1338
In base 10, what is 91016 - 4?
91012
In base 4, what is -312 + 13133?
12221
In base 2, what is -1001000011100 - 110?
-1001000100010
In base 11, what is 2 + 3585?
3587
In base 3, what is -1210 + 201112?
122202
In base 9, what is -24 - 8883?
-10017
In base 3, what is 2020012212 - -10?
2020012222
In base 11, what is 10742 - -1?
10743
In base 11, what is 31a - -2?
321
In base 3, what is -1 - -10222111?
10222110
In base 2, what is 110111110100000 - -101?
110111110100101
In base 9, what is 12131 + -73?
12047
In base 5, what is 1011234 + 2?
1011241
In base 13, what is 20ab + b7?
2195
In base 3, what is 10 - 102112?
-102102
In base 15, what is -22c + 323?
e6
In base 13, what is 8 + 3b202?
3b20a
In base 9, what is -335 + -473?
-818
In base 4, what is -31002 - -11?
-30331
In base 8, what is 10 + -12773?
-12763
In base 6, what is -10513333 - 5?
-10513342
In base 2, what is -11100101010110 - -11000001?
-11100010010101
In base 8, what is 110 + -72?
16
In base 10, what is -108513 - -10?
-108503
In base 13, what is 6 - -43?
49
In base 6, what is 35010 + 5?
35015
In base 9, what is -3228 - -15?
-3213
In base 15, what is 3d5 - -56?
43b
In base 8, what is 11 + 4250?
4261
In base 12, what is -14640 - 22?
-14662
In base 16, what is -2 - 482dd?
-482df
In base 9, what is -142036 + 0?
-142036
In base 2, what is 1000100010000010 + -1011?
1000100001110111
In base 15, what is 0 + 160e?
160e
In base 9, what is 111 - -4784?
5005
In base 4, what is 2332311 + -3?
2332302
In base 15, what is 4 - 2d0cd?
-2d0c9
In base 15, what is -145e + 1?
-145d
In base 6, what is 10231 + 124?
10355
In base 4, what is -1 - 230?
-231
In base 3, what is 2101021121 + 0?
2101021121
In base 7, what is 560441 + -1?
560440
In base 15, what is -1e - 931c?
-933b
In base 8, what is -2420 + 64?
-2334
In base 4, what is 11 - -3022?
3033
In base 5, what is -31 - 41233401?
-41233432
In base 11, what is 20 + -24396?
-24376
In base 4, what is -11 + 1113232211?
1113232200
In base 15, what is -562 + 7?
-55a
In base 12, what is 15216